de 772852?
True
Is 397740899 a multiple of 571?
True
Is 110998941 a multiple of 43?
False
Does 7 divide 1523351?
False
Is 86499520 a multiple of 40?
True
Does 244 divide 234765060?
False
Is 4 a factor of 52753727?
False
Is 2105371 a multiple of 47?
False
Is 1174 a factor of 64031134?
True
Is 1355586666 a multiple of 49?
True
Does 239 divide 1746201397?
False
Is 170625167 a multiple of 8?
False
Is 345 a factor of 7083468?
False
Is 695786022 a multiple of 4489?
True
Is 390 a factor of 429213757?
False
Is 54 a factor of 38671452?
True
Is 9 a factor of 20659001?
False
Is 16 a factor of 38407840?
True
Is 12 a factor of 24921443?
False
Does 120 divide 80372880?
True
Is 2445281697 a multiple of 57?
False
Is 87502995 a multiple of 17?
True
Does 691 divide 1225635432?
False
Is 3 a factor of 6889834?
False
Is 26 a factor of 1746673467?
False
Is 40709620 a multiple of 542?
True
Is 2747 a factor of 1612283263?
False
Is 341831945 a multiple of 91?
True
Is 31233012 a multiple of 17?
True
Is 6672 a factor of 1860145486?
False
Is 40 a factor of 953470075?
False
Is 1216 a factor of 253449664?
True
Does 1230 divide 81723660?
True
Is 22 a factor of 2929330453?
False
Does 61 divide 3644201?
True
Does 243 divide 688298229?
True
Does 279 divide 61759653?
False
Is 1714 a factor of 142985308?
True
Is 25880493 a multiple of 3?
True
Is 1088 a factor of 35973632?
True
Is 34 a factor of 98499476?
False
Is 65488256 a multiple of 2?
True
Does 4 divide 150181957?
False
Is 145078890 a multiple of 33?
True
Is 2847 a factor of 8075809?
False
Does 48 divide 456758770?
False
Is 17798009 even?
False
Is 7 a factor of 74673190?
False
Does 2883 divide 460485889?
False
Does 31 divide 86710968?
True
Is 272 a factor of 9140560?
True
Is 16 a factor of 11241484?
False
Is 22 a factor of 779523910?
True
Does 192 divide 505522213?
False
Does 77 divide 960240659?
False
Does 4551 divide 38050911?
True
Does 7918 divide 1466410339?
False
Is 497066784 a multiple of 32?
True
Does 129 divide 35600646?
True
Is 618153060 a multiple of 178?
True
Is 18373169 a multiple of 36?
False
Does 429 divide 34010262?
True
Is 20 a factor of 2992589839?
False
Is 1632315428 a multiple of 1145?
False
Is 40676769 a multiple of 31?
False
Is 496999517 a multiple of 877?
False
Is 752 a factor of 16846304?
True
Is 48583788 a multiple of 66?
True
Is 131 a factor of 240893209?
False
Is 280373710 a multiple of 53?
True
Is 10 a factor of 3424250?
True
Does 3 divide 20108486?
False
Does 83 divide 8003711373?
False
Is 19 a factor of 2239632?
False
Is 15 a factor of 72256950?
True
Is 7920064 a multiple of 32?
True
Does 127 divide 670236263?
False
Is 12474 a factor of 2355951906?
True
Is 9463124 a multiple of 479?
True
Does 41 divide 2189183?
False
Does 82 divide 763451160?
True
Does 24 divide 1528169232?
True
Does 5 divide 1371047?
False
Is 116830377 a multiple of 56?
False
Is 10 a factor of 396517450?
True
Is 996 a factor of 146138976?
False
Does 1690 divide 2860201630?
True
Does 80 divide 4369600?
True
Is 104 a factor of 15680288?
True
Is 19 a factor of 609970042?
False
Is 1998 a factor of 77152770?
True
Does 61 divide 49530902?
True
Is 246552637 a multiple of 98?
False
Does 129 divide 117316301?
False
Is 44 a factor of 603221740?
True
Is 548 a factor of 90472345?
False
Does 4 divide 22658197?
False
Does 44 divide 78621136?
True
Is 10843838 a multiple of 676?
False
Is 693 a factor of 102871415?
False
Is 127610955 a multiple of 6635?
True
Does 13 divide 218640457?
False
Is 2 a factor of 114645653?
False
Does 436 divide 305058386?
False
Is 2955280 a multiple of 136?
True
Is 69 a factor of 110998618?
False
Is 253174713 a multiple of 119?
False
Is 50 a factor of 418207050?
True
Is 106 a factor of 37874330?
True
Is 6 a factor of 1101268440?
True
Does 10 divide 1711659412?
False
Is 6110410 a multiple of 23?
True
Does 425 divide 145153650?
True
Is 79836930 a multiple of 1530?
True
Is 45 a factor of 1833358798?
False
Does 226 divide 629619050?
True
Is 185587480 a multiple of 2639?
False
Is 850 a factor of 152679078?
False
Is 627 a factor of 684572394?
True
Is 1858 a factor of 1435175338?
False
Is 640 a factor of 20908160?
True
Is 88 a factor of 45601160?
True
Is 28997890 a multiple of 265?
True
Is 2278909 a multiple of 23?
True
Is 43 a factor of 674398574?
False
Is 182024764 a multiple of 75?
False
Is 19 a factor of 98719992?
False
Is 4316 a factor of 166442224?
True
Does 33 divide 901158022?
False
Does 71 divide 13931975?
True
Is 6 a factor of 3324738?
True
Does 147 divide 166807956?
True
Does 161 divide 142213341?
False
Does 27 divide 7940295?
True
Does 21 divide 363467607?
False
Is 858729396 a multiple of 798?
True
Is 352 a factor of 76843008?
True
Is 127 a factor of 133153404?
True
Is 32 a factor of 22658624?
True
Is 4194 a factor of 141966900?
True
Does 5617 divide 957642330?
True
Does 87 divide 79456143?
True
Is 514 a factor of 559052254?
False
Is 28 a factor of 23477496?
True
Is 3621 a factor of 41279400?
True
Is 742539173 a multiple of 2675?
False
Is 3026104158 a multiple of 3542?
True
Is 101081996 a multiple of 15?
False
Does 10 divide 41392015?
False
Does 1220 divide 119302966?
False
Does 9157 divide 4207897896?
True
Is 37853925 a multiple of 159?
True
Does 760 divide 871644000?
True
Does 36 divide 3283632?
True
Does 12 divide 820104?
True
Does 28 divide 9015347?
False
Does 85 divide 54717645?
True
Does 105 divide 27189679?
False
Does 53 divide 130994544?
False
Is 1496155335 a multiple of 232?
False
Does 95 divide 41397854?
False
Does 1726 divide 33183361?
False
Is 211 a factor of 660295489?
False
Is 131563964 a multiple of 1162?
True
Does 53 divide 1008765006?
True
Is 6 a factor of 521231472?
True
Is 13 a factor of 36116234?
False
Is 1273 a factor of 12293361?
True
Is 11 a factor of 75098496?
True
Does 992 divide 599332672?
True
Does 123 divide 502889067?
True
Does 229 divide 389776778?
True
Does 12 divide 39209700?
True
Is 1964141 a multiple of 213?
False
Is 64022959 a multiple of 4?
False
Does 7 divide 6854386?
True
Is 44 a factor of 109334104?
True
Does 2636 divide 88862011?
False
Does 5 divide 9071490?
True
Is 17 a factor of 2198782480?
False
Is 2015838024 a multiple of 12?
True
Does 17 divide 1821003926?
True
Is 2007361689 a multiple of 17?
False
Is 23332204 a multiple of 228?
False
Does 388 divide 146524825?
False
Is 44 a factor of 68523168?
False
Is 595425360 a multiple of 80?
True
Does 37 divide 475281095?
True
Is 235 a factor of 9857780?
True
Does 21 divide 567149583?
True
Is 2534 a factor of 487673368?
True
Is 675 a factor of 167399325?
True
Does 296 divide 686770086?
False
Is 35 a factor of 183969298?
False
Does 1062 divide 653013173?
False
Is 70447339 a multiple of 77?
False
Is 2309 a factor of 286207477?
True
Does 708 divide 1395866604?
True
Is 4048806585 a multiple of 21?
False
Does 6 divide 48276696?
True
Is 3 a factor of 66910521?
True
Is 31883904 a multiple of 32?
True
Is 134 a factor of 49938048?
True
Does 5305 divide 1375692600?
True
Does 2318 divide 805692758?
True
Does 83 divide 46295823?
True
Is 387137782 a multiple of 14?
False
Is 50169336 a multiple of 259?
True
Does 21 divide 288032817?
False
Is 190879773 a multiple of 251?
False
Is 17 a factor of 4062146823?
False
Is 582 a factor of 594574110?
True
Is 97121102 a multiple of 6?
False
Is 770 a factor of 236865212?
False
Is 40581720 a multiple of 760?
True
Is 5 a factor of 401888030?
True
Is 445781976 a multiple of 12?
True
Is 65 a factor of 2612822531?
False
Is 150 a factor of 963792843?
False
Is 83 a factor of 231439014?
False
Does 227 divide 970586170?
True
Does 2379 divide 39230744?
False
Does 11 divide 1262844?
True
Does 18 divide 658988442?
True
Does 17 divide 65437225?
False
Is 1162870616 a multiple of 5?
False
Is 183789595 a multiple of 462?
False
Does 208 divide 15665327?
False
Does 282 divide 1195130498?
False
Is 916755351 a multiple of 141?
True
Is 214531600 a multiple of 2456?
True
Does 3 divide 85175829?
True
Is 5 a factor of 265189720?
True
Is 12 a factor of 149249364?
True
Is 247410807 a multiple of 21?
True
Does 194 divide 39742452?
True
Is 68 a factor of 38143920?
True
Is 557617649 a multiple of 967?
True
Does 3369 divide 205182207?
True
Is 7591948 a multiple of 136?
False
Is 72 a factor of 2618440?
False
Is 90 a factor of 6600